mine k(39).
-2
Let g(h) = h**3 - 26*h**2 + 194*h - 550. Calculate g(16).
-6
Let v(h) = 1660*h - 14896. Calculate v(9).
44
Let c(q) = -1250*q - 8583. Determine c(-7).
167
Let a(o) = 2*o - 17. What is a(-7)?
-31
Let u(m) = -9*m + 292. Determine u(40).
-68
Let j(b) = -71*b + 269. Give j(4).
-15
Let a(u) = -73*u - 35. What is a(-1)?
38
Let p(m) = -m**3 + 11*m**2 - 29*m - 49. What is p(6)?
-43
Let y(r) = -r**2 - 312*r + 36180. Give y(90).
0
Let q(z) = 8*z**3 + 3*z**2 + 18*z + 14. Calculate q(-1).
-9
Let f(j) = 44*j - 74. Calculate f(4).
102
Let w(r) = 3*r**3 + 31*r**2 + 10*r - 219. Give w(-9).
15
Let u(i) = -i**3 + 6*i**2 - 15*i + 241. Give u(8).
-7
Let s(r) = r**3 + 8*r**2 - 8*r + 18. What is s(-11)?
-257
Let u(z) = -13*z**2 + 20*z - 38. Determine u(7).
-535
Let o(v) = 4*v**2 + 593*v + 1311. Give o(-146).
-3
Let o(f) = -14*f**3 - f**2 + 68*f - 67. Give o(1).
-14
Let z(w) = w**3 + 62*w**2 + 174*w - 7. Determine z(-3).
2
Let j(w) = -18*w**2 + 17*w + 5. Determine j(-2).
-101
Let q(x) = -x**2 - 45*x - 434. Determine q(-24).
70
Let a(u) = -u**3 - 8*u**2 - 42*u - 241. Calculate a(-7).
4
Let w(r) = r**3 - 9*r**2 - 12*r + 192. What is w(7)?
10
Let u(w) = -w**3 + 6*w**2 - 4*w + 64. Calculate u(7).
-13
Let x(h) = -4*h**3 - 69*h**2 + 51*h - 39. Give x(-18).
15
Let d(i) = 2*i**2 - 12*i - 289. Give d(18).
143
Let i(d) = d**3 - 59*d**2 - 4242*d - 6. What is i(101)?
-6
Let z(j) = -101*j - 113. Determine z(-1).
-12
Let x(v) = -v**3 - 26*v**2 - 79*v - 48. What is x(-23)?
182
Let g(l) = -5*l**2 + 320*l - 3682. Give g(49).
-7
Let b(x) = x**2 - 14*x - 1312. What is b(-30)?
8
Let y(n) = 36*n**2 - 643*n - 87. Determine y(18).
3
Let y(s) = 1555*s - 6221. Determine y(4).
-1
Let o(b) = -33*b - 2032. What is o(-62)?
14
Let g(p) = -p**3 - 52*p**2 + 113*p - 50. Calculate g(-54).
-320
Let o(s) = s**3 + 3*s**2 - 8*s + 69. What is o(-7)?
-71
Let z(f) = -13*f**2 + 317*f + 37. What is z(24)?
157
Let h(s) = -24*s + 268. What is h(11)?
4
Let u(g) = -2*g**3 - 2*g**2 - 4*g - 153. Give u(0).
-153
Let l(t) = -59*t + 8385. What is l(143)?
-52
Let f(u) = -u + 54. Determine f(5).
49
Let m(f) = -951*f + 1903. Determine m(2).
1
Let v(t) = -t**3 + 15*t**2 - 11*t + 42. Give v(13).
237
Let b(n) = -24*n**3 - 128*n**2 - 38*n + 5. Calculate b(-5).
-5
Let r(w) = -w**2 - 214*w - 1638. Give r(-8).
10
Let z(o) = 37*o**3 + 5*o**2 - 246*o + 242. What is z(1)?
38
Let t(g) = -g**3 - 447*g**2 - 17*g + 2. Calculate t(0).
2
Let u(g) = -4*g**3 + 124*g**2 - 16. What is u(31)?
-16
Let z(o) = -453*o**2 + 6*o + 6. Determine z(-1).
-453
Let s(y) = 6*y**3 - 93*y**2 + 28*y + 39. What is s(15)?
-216
Let g(t) = -25*t + 77. What is g(6)?
-73
Let u(j) = j**3 - 21*j**2 + 32*j + 14. Give u(19).
-100
Let a(c) = c**3 + c**2 + c + 28. Give a(-5).
-77
Let g(w) = -325*w + 4846. What is g(14)?
296
Let k(d) = d**3 + 13*d**2 + 29*d + 15. What is k(-10)?
25
Let l(t) = t**3 + 17*t**2 + 38*t + 4. Give l(-16).
-348
Let u(l) = l - 54. Give u(48).
-6
Let g(q) = 25*q**2 + 19*q + 34. Give g(-6).
820
Let a(u) = -5*u**3 - 1163*u**2 - 687*u + 2094. Give a(-232).
6
Let i(a) = -5*a**2 - 59*a + 14. What is i(-5)?
184
Let n(u) = 5208*u + 41653. Give n(-8).
-11
Let z(p) = -1218*p - 3647. Give z(-3).
7
Let l(c) = 36*c**2 + 14*c - 2. Calculate l(2).
170
Let b(h) = h**3 - 8*h**2 + 63*h - 835. What is b(10)?
-5
Let j(g) = -3*g**3 + g**2 + 20*g - 29. Determine j(3).
-41
Let j(g) = -g**2 - 59*g - 556. Determine j(-48).
-28
Let n(b) = 5*b + 14. Determine n(-27).
-121
Let h(r) = 13401*r + 80400. Determine h(-6).
-6
Let l(w) = -w - 160. Calculate l(-145).
-15
Let y(z) = 100*z + 7960. Give y(-80).
-40
Let b(a) = -9*a + 118. Calculate b(8).
46
Let n(c) = -c**3 + 27*c**2 - 41*c - 222. Calculate n(25).
3
Let m(r) = 2*r**2 - 51*r + 348. What is m(9)?
51
Let v(w) = -w**3 - 58*w**2 - 169*w - 222. Give v(-55).
-2
Let q(s) = -s**2 + 49*s - 507. Give q(15).
3
Let o(r) = -r**3 + 10*r**2 - 23*r - 10. Determine o(11).
-384
Let o(s) = 11*s**2 - 3*s + 4. What is o(-3)?
112
Let m(i) = i**3 + 23*i**2 - 466*i - 22. Give m(13).
4
Let x(h) = h**3 - 11*h**2 + 11*h + 20. Calculate x(4).
-48
Let m(f) = -f**2 + 93*f + 696. Determine m(96).
408
Let w(x) = -150*x + 1343. Determine w(9).
-7
Let m(y) = y**3 + 10*y**2 - 53*y - 300. What is m(-12)?
48
Let r(i) = -i**3 - 2*i**2 + 59*i - 266. Determine r(0).
-266
Let i(l) = 251*l - 51. Determine i(-1).
-302
Let u(z) = -z**3 + 26*z**2 + 88*z - 26. Determine u(29).
3
Let q(b) = 1203*b + 2401. Determine q(-2).
-5
Let r(a) = -51*a**2 + a - 1. What is r(1)?
-51
Let p(u) = -6*u**2 - 98*u + 307. Determine p(-19).
3
Let z(x) = -73*x - 466. Give z(-6).
-28
Let o(c) = -c**3 + 16*c**2 - 32*c + 293. What is o(15)?
38
Let o(z) = 25*z**3 + 114*z**2 + 115*z + 1. Give o(-1).
-25
Let x(g) = -68*g - 8286. Determine x(-122).
10
Let w(u) = 164*u + 5587. Determine w(-34).
11
Let d(n) = -n**3 - 82*n**2 + 170*n + 152. Calculate d(-84).
-16
Let a(u) = u**2 + 76*u + 863. Calculate a(-14).
-5
Let p(s) = 92*s - 626. What is p(7)?
18
Let c(l) = l**2 + 2987*l + 14909. What is c(-5)?
-1
Let w(f) = -f**3 - 46*f**2 + 34*f - 526. Determine w(-47).
85
Let c(f) = 942*f + 945. Determine c(-1).
3
Let b(k) = -128*k - 7128. What is b(-56)?
40
Let s(u) = 8*u**2 - 11*u + 23. Determine s(5).
168
Let l(v) = -11*v - 81. Give l(-8).
7
Let j(d) = 11*d**2 + 225*d + 128. Determine j(-20).
28
Let x(z) = -2*z**2 - 58*z - 170. Give x(-28).
-114
Let f(z) = 106*z + 30539. Determine f(-288).
11
Let z(l) = 8*l**3 + 4*l**2 + 6*l - 19. What is z(2)?
73
Let l(z) = -10*z - 59. Give l(8).
-139
Let p(t) = 6*t**2 - 373*t + 100. Give p(62).
38
Let d(c) = -381*c - 15998. Determine d(-42).
4
Let s(f) = f**2 - 4*f - 30267. Calculate s(-172).
5
Let g(y) = -183*y - 264. Determine g(-1).
-81
Let j(o) = o**2 + 39*o - 8366. Give j(-113).
-4
Let m(i) = i**3 + 76*i**2 + 71*i - 369. What is m(-75)?
-69
Let x(v) = 12*v**2 + 70*v - 676. What is x(5)?
-26
Let g(c) = 3*c**2 - 49*c - 146. Determine g(19).
6
Let t(x) = 42*x**3 - x**2 + 5*x - 3. Give t(1).
43
Let u(b) = -b**3 + 28*b**2 + 68*b - 127. Give u(30).
113
Let f(z) = -3*z**3 - 16*z**2 - 3*z + 6. Give f(-5).
-4
Let n(f) = 70*f + 2729. What is n(-39)?
-1
Let k(i) = i**3 - 9*i**2 + 19*i. Determine k(4).
-4
Let a(l) = 170*l - 28220. Give a(166).
0
Let w(m) = -22*m - 968. Calculate w(-44).
0
Let x(f) = -8167*f + 138838. Determine x(17).
-1
Let b(a) = 96*a - 1065. What is b(11)?
-9
Let b(a) = -23*a - 723. What is b(-23)?
-194
Let h(f) = 12*f**2 - 195*f - 432. Give h(18).
-54
Let w(f) = 5*f**3 - 39*f**2 - 66*f + 18. Give w(-2).
-46
Let y(c) = -102*c - 2443. Give y(-24).
5
Let b(s) = -342*s + 5106. Calculate b(15).
-24
Let k(q) = -39*q + 477. Give k(23).
-420
Let n(i) = -86*i + 589. What is n(7)?
-13
Let w(d) = -11*d + 169. Determine w(18).
-29
Let c(r) = -249*r - 13395. Calculate c(-54).
51
Let y(s) = -4*s**3 + 475*s**2 + 599*s + 125. What is y(120)?
5
Let h(m) = m**3 - 39*m**2 - 186*m + 595. What is h(43)?
-7
Let j(d) = -d**3 - 88*d**2 + 102*d + 1138. Calculate j(-89).
-19
Let k(z) = -z**2 + 127*z - 1329. Give k(12).
51
Let o(h) = h**3 - 35*h**2 - 69*h - 184. What is o(37)?
1
Let c(m) = 8*m**2 + 13*m - 14. What is c(5)?
251
Let t(f) = -f**3 - 12*f**2 - 14*f + 44. Calculate t(-10).
-16
Let a(b) = 139*b + 5569. What is a(-40)?
9
Let b(f) = -102*f**2 - 18*f + 18. Give b(-2).
-354
Let o(q) = 22*q - 101. Calculate o(4).
-13
Let y(g) = -10*g + 195. What is y(5)?
145
Let x(n) = n**3 + 11*n**2 - 119*n - 814. What is x(-16)?
-190
Let i(s) = s**3 + 11*s**2 + 17*s + 91. Calculate i(-8).
147
Let y(h) = -10*h**2 - 203*h + 42. Calculate y(-22).
-332
Let w(d) = -d**3 + 20*d**2 - 18*d - 51. Give w(19).
-32
Let p(u) = 5*u**3 - 80*u**2 + 2*u - 24. Give p(16).
8
Let h(n) = -2*n**3 + 34*n**2 + 42*n - 716. What is h(17)?
-2
Let p(t) = 2*t**3 + 34*t**2 + 11*t + 214. What is p(-17)?
27
Let r(j) = 9*j + 61. What is r(-3)?
34
Let f(a) = -a**2 + 94*a + 1787. Calculate f(-17).
-100
Let r(y) = -206*y - 622. What is r(-2)?
-210
Let a(b) = 109*b**2 + 15*b + 14. What is a(-1)?
108
Let z(h) = h**3 + 42*h**2 + 2*h + 72. Give z(-42).
-12
Let s(x) = -x**3 - 46*x**2 - 5*x - 126. Give s(-46).
104
Let i(t) = -t**3 + 7*t**2 - 28*t + 154. Determine i(7).
-42
Let w(s) = s - 90. What is w(-34)?
-124
Let j(o) = -2*o**2 + 79*o - 383. Calculate j(34).
-9
Let j(y) = 3*y**3 - 5*y**2 - y. Give j(4).
108